1.
11
Calculate the highest common factor of 544 and 35768.
136
Calculate the greatest common factor of 484 and 44.
44
Calculate the highest common divisor of 25122 and 954.
318
Calculate the greatest common divisor of 11 and 16643.
11
What is the greatest common factor of 4 and 172?
4
What is the highest common divisor of 28 and 1750?
14
What is the greatest common factor of 1763 and 205?
41
What is the greatest common factor of 68 and 323?
17
What is the greatest common divisor of 84 and 2079?
21
What is the greatest common factor of 16 and 400?
16
What is the highest common divisor of 161 and 46?
23
What is the greatest common factor of 112 and 10360?
56
Calculate the greatest common divisor of 387 and 27.
9
What is the greatest common divisor of 9 and 3411?
9
What is the highest common factor of 152 and 133?
19
Calculate the highest common factor of 238 and 42.
14
What is the highest common factor of 4320 and 80?
80
Calculate the greatest common factor of 20754 and 9.
9
Calculate the greatest common factor of 533 and 169.
13
Calculate the highest common divisor of 132 and 72.
12
What is the greatest common factor of 6 and 354?
6
What is the highest common factor of 19511 and 218?
109
Calculate the greatest common divisor of 624 and 429.
39
What is the greatest common divisor of 66 and 66858?
66
Calculate the greatest common factor of 110 and 190.
10
Calculate the highest common factor of 28 and 1792.
28
Calculate the greatest common factor of 3 and 1983.
3
What is the highest common divisor of 3640 and 208?
104
What is the greatest common divisor of 28 and 6?
2
Calculate the greatest common divisor of 119 and 7.
7
Calculate the highest common factor of 1417 and 13.
13
What is the greatest common factor of 3119 and 1?
1
Calculate the greatest common factor of 15250 and 750.
250
What is the highest common factor of 18163 and 82?
41
What is the greatest common factor of 62 and 20894?
62
What is the greatest common divisor of 78 and 11102?
26
Calculate the greatest common divisor of 63 and 315.
63
Calculate the greatest common factor of 8183 and 49.
49
What is the highest common divisor of 2478 and 42?
42
Calculate the highest common divisor of 32131 and 11.
11
Calculate the highest common divisor of 588 and 504.
84
What is the highest common divisor of 381 and 17399?
127
What is the greatest common factor of 12 and 84?
12
What is the greatest common factor of 11 and 45?
1
Calculate the greatest common divisor of 704 and 128.
64
Calculate the highest common divisor of 275 and 25.
25
Calculate the highest common factor of 900 and 5.
5
What is the highest common divisor of 5 and 735?
5
Calculate the greatest common factor of 65 and 117.
13
What is the highest common factor of 3688 and 8?
8
Calculate the highest common factor of 69 and 345.
69
What is the greatest common divisor of 35 and 21?
7
Calculate the highest common factor of 68 and 12.
4
What is the greatest common factor of 455 and 49?
7
What is the greatest common divisor of 216 and 42?
6
Calculate the highest common divisor of 8 and 1448.
8
What is the highest common factor of 32096 and 16?
16
What is the highest common divisor of 936 and 14184?
72
What is the greatest common factor of 32 and 72?
8
What is the highest common factor of 140 and 320?
20
Calculate the greatest common factor of 30 and 860.
10
What is the greatest common divisor of 110 and 22?
22
Calculate the greatest common factor of 737 and 67.
67
Calculate the highest common divisor of 456 and 72.
24
What is the highest common divisor of 46 and 7981?
23
Calculate the highest common divisor of 1660 and 31955.
415
What is the highest common divisor of 65 and 1235?
65
What is the greatest common factor of 50 and 190?
10
What is the greatest common factor of 154 and 726?
22
Calculate the greatest common divisor of 11 and 6281.
11
What is the highest common divisor of 492 and 2788?
164
Calculate the highest common factor of 576 and 4416.
192
What is the highest common factor of 67 and 201?
67
What is the highest common divisor of 493 and 17?
17
Calculate the highest common factor of 44 and 308.
44
Calculate the highest common factor of 3 and 309.
3
Calculate the highest common factor of 679 and 28.
7
Calculate the highest common factor of 352 and 9416.
88
What is the greatest common divisor of 120 and 72?
24
What is the greatest common divisor of 657 and 1460?
73
What is the greatest common divisor of 324 and 12?
12
Calculate the highest common divisor of 217 and 682.
31
Calculate the greatest common factor of 564 and 60.
12
What is the highest common factor of 60 and 408?
12
What is the greatest common factor of 15620 and 1136?
284
Calculate the highest common divisor of 134 and 2077.
67
Calculate the greatest common factor of 130 and 325.
65
Calculate the greatest common factor of 210 and 672.
42
What is the highest common factor of 425 and 34?
17
Calculate the greatest common divisor of 60 and 1080.
60
What is the greatest common factor of 45 and 2355?
15
Calculate the highest common factor of 1360 and 85.
85
What is the greatest common divisor of 540 and 378?
54
Calculate the greatest common divisor of 28060 and 92.
92
What is the greatest common divisor of 108 and 18?
18
Calculate the greatest common factor of 74 and 1147.
37
Calculate the greatest common divisor of 30 and 90.
30
What is the greatest common factor of 66 and 1815?
33
Calculate the highest common factor of 98 and 214.
2
What is the greatest common divisor of 150 and 9375?
75
Calculate the greatest common factor of 8 and 6.
2
What is the greatest common factor of 84 and 420?
84
Calculate the highest common factor of 152 and 16.
8
What is the greatest common divisor of 24 and 204?
12
What is the greatest common divisor of 1387 and 114?
19
What is the greatest common divisor of 460 and 60?
20
Calculate the highest common factor of 168 and 154.
14
What is the greatest common factor of 717 and 6?
3
What is the greatest common divisor of 55 and 1375?
55
What is the highest common factor of 10 and 26?
2
What is the greatest common divisor of 2337 and 1312?
41
Calculate the highest common divisor of 1450 and 116.
58
What is the greatest common factor of 36150 and 300?
150
What is the highest common divisor of 4 and 7972?
4
What is the greatest common factor of 192 and 14928?
48
Calculate the highest common factor of 3675 and 7.
7
Calculate the greatest common divisor of 3 and 24.
3
Calculate the greatest common factor of 1537 and 29.
29
Calculate the highest common factor of 4439 and 965.
193
What is the highest common factor of 6924 and 18?
6
What is the greatest common factor of 395 and 158?
79
What is the highest common divisor of 110 and 20?
10
Calculate the highest common divisor of 125 and 1175.
25
What is the greatest common divisor of 29 and 2407?
29
What is the highest common divisor of 13851 and 162?
81
What is the greatest common factor of 5173 and 7?
7
Calculate the highest common divisor of 195 and 5265.
195
Calculate the highest common factor of 19359 and 81.
81
Calculate the highest common divisor of 345 and 69.
69
Calculate the greatest common divisor of 1751 and 17.
17
Calculate the greatest common factor of 180 and 5100.
60
What is the greatest common divisor of 48 and 948?
12
What is the greatest common factor of 403 and 279?
31
Calculate the greatest common factor of 6 and 31986.
6
Calculate the highest common factor of 87 and 9280.
29
What is the greatest common factor of 99 and 3969?
9
What is the highest common factor of 1932 and 144?
12
Calculate the highest common factor of 418 and 76.
38
What is the greatest common factor of 9395 and 5?
5
What is the greatest common divisor of 48 and 2032?
16
What is the greatest common factor of 1224 and 340?
68
Calculate the greatest common divisor of 150 and 525.
75
Calculate the greatest common divisor of 63 and 504.
63
Calculate the greatest common factor of 384 and 36.
12
What is the greatest common factor of 1308 and 42?
6
What is the highest common divisor of 24 and 34344?
24
What is the highest common divisor of 2793 and 294?
147
Calculate the greatest common factor of 550 and 22.
22
Calculate the greatest common divisor of 45 and 195.
15
Calculate the highest common divisor of 1026 and 90.
